+ 1000*x = 280325. What are the prime factors of x?
11213
Suppose 0 = p + 4*c + 2, 2*c + 0*c - 4 = -3*p. Suppose -1498 = -2*d - 2*j, p*d - 3*d + 759 = -j. What are the prime factors of d?
2, 13, 29
Let t = 332 - 327. Suppose -3*r + 2121 = 3*h, -t*r + 3*h + 1876 = -1667. List the prime factors of r.
2, 3, 59
Let t(r) = -299*r**2 + 12*r + 69. Let y(g) = 150*g**2 - 6*g - 33. Let k(w) = 3*t(w) + 7*y(w). What are the prime factors of k(-3)?
3, 457
Let t(l) = -1865*l - 5051. List the prime factors of t(-10).
3, 1511
Let r(k) = -2*k**2 - 140*k - 23 + 3*k**2 + 129*k - 6*k**2 - 2*k**3 - 6*k**2. List the prime factors of r(-8).
5, 7, 11
Let a = -70 + 90. Let s(f) = -35 + 44 + 60*f - a*f. What are the prime factors of s(5)?
11, 19
Suppose 5*b - 3*t + 105 = -171, 4*t + 12 = 0. Let d = -70 - b. Let n = 15 + d. What are the prime factors of n?
2
Let s(g) = 98*g + 93. Let l be s(22). Let p = l - 1340. List the prime factors of p.
3, 101
Let z(b) = 391*b**2 - 22*b - 14. List the prime factors of z(-4).
2, 3, 5, 211
Let p(w) = -2*w - 12. Let c be p(-7). Suppose 0 = -c*n + 9 - 1. Suppose 11 = 5*i + n*z - 14, -2*z + 35 = 5*i. List the prime factors of i.
3
What are the prime factors of (208/65)/((-2)/5) - -14595?
29, 503
Suppose 0 = -4*h + a + 15222, 7606 = 131*h - 129*h + 2*a. List the prime factors of h.
5, 761
List the prime factors of (-7578)/(-6315) + 3/(-5)*-63713.
3, 12743
Let q(o) = 5696*o - 5965. What are the prime factors of q(6)?
28211
Let z = 127 - 127. Let i be 0 + 3 - -7*(z + 17). Suppose 4*q - 1182 = -i. List the prime factors of q.
5, 53
Let a be (21/14)/((-3)/396). Let f = a + 321. What are the prime factors of ((-20)/15)/((-2)/f)?
2, 41
Let u be (16 + -13)/((15/(-334))/(-5)). Suppose -5*t + 4*x = -1668, t - 5*x = -4*x + u. What are the prime factors of t?
2, 83
What are the prime factors of -1*(39130/2)/(-13)?
5, 7, 43
Let i be 4 + (-184)/44 - 926/(-11). Suppose 2*p + 193 + i = 3*g, 0 = -g - 2*p + 95. List the prime factors of g.
3, 31
Let u(f) = -f**3 + 4*f**2 - 2*f + 8. Let t be u(4). Suppose t = m + m + 154. Let z = 124 + m. List the prime factors of z.
47
Let h = 19196 + -10846. List the prime factors of h.
2, 5, 167
Let l = 594 - 993. List the prime factors of l/(-3) + -6 - 4.
3, 41
Let s = 1943 + 41420. What are the prime factors of s?
103, 421
What are the prime factors of (8 + -9)*(16 - 1635)?
1619
Let i be 2/(-10) - 198/(-15). Let q(g) = -g + 16 + 10*g - 8*g. List the prime factors of q(i).
29
Suppose 5*m = 102 + 68. List the prime factors of (m/(-8))/(1*(-2)/80).
2, 5, 17
What are the prime factors of -2*(-26665)/(-25)*-5?
2, 5333
Let d = -71 - -74. Suppose 0 = d*u + u + 4*o - 216, -15 = 3*o. Let n = 102 - u. What are the prime factors of n?
43
List the prime factors of -1 + 14557 + 14/(-6)*(-98 + 95).
14563
Suppose -8*r = -3*r - d - 7724, 5*d + 6175 = 4*r. Let b = r - 851. List the prime factors of b.
2, 347
Let f be 28 + -27 - (-5 + 0). What are the prime factors of 237 + f + (7 + -3 - 5)?
2, 11
Let d = 213 - 210. Suppose -4200 = -7*b + 2*b + d*f, -f - 842 = -b. What are the prime factors of b?
3, 31
Let x(a) = 457*a**2 - 32*a - 401. What are the prime factors of x(-10)?
7, 19
What are the prime factors of 1345*1/2*(40 - 30)?
5, 269
Let k = 481 + -246. Let x = 610 - k. List the prime factors of x.
3, 5
Let f(w) = 5*w - 10. Let y be f(9). Suppose -6*p + y = 5*i - 2*p, 18 = i + 3*p. Suppose 0 = 4*a - 5*a - 4, -o + 53 = -i*a. What are the prime factors of o?
41
Let f(v) = 2*v + 0*v**3 + v**3 - 25*v**2 + 29*v**2 + 3. List the prime factors of f(6).
3, 5
Let y = -160 - -160. What are the prime factors of 1264/(-790)*(y - 190/4)?
2, 19
Suppose 144 = 5*y + 3*b, 2*y - 62 = 3*b - 2*b. Suppose 0*d - y = -3*d. Suppose 14*n - d*n = 492. What are the prime factors of n?
3, 41
Let c = -39 + 47. Let s be 4/c - 6/4. List the prime factors of (-2)/(-4)*(s + 0 - -239).
7, 17
Let j be (6/18)/(2/(-6)). Let z = 31 - j. Let d = 58 + z. List the prime factors of d.
2, 3, 5
Let v be 11 + 48136/(-40) - 6/10. Let x = 52 - 32. List the prime factors of v/(-5) - (-1 - (-12)/x).
239
Suppose 0 = -16*p + 57321 + 271093 + 115698. What are the prime factors of p?
41, 677
Let c = 53660 + -5101. List the prime factors of c.
7, 991
Let z be ((-5)/2 + 3)*(28 + 0). Let l(r) = r**2 - 13*r - 7. Let x be l(z). Suppose 0 = 2*g - x*g + 4*c + 149, -3*c = -3*g + 90. What are the prime factors of g?
29
Suppose 22*y = -55*y + 620307 - 195421. What are the prime factors of y?
2, 31, 89
Let t = -1936 + 2790. What are the prime factors of ((-1)/(-10) - (-4)/10)*t?
7, 61
Let v(i) = -742*i + 219. List the prime factors of v(-8).
5, 1231
Suppose -x = 3*i, 6*x = 11*x + i - 56. Suppose 10*b = -4*y + x*b + 122, -4*b - 84 = -3*y. What are the prime factors of y?
2
Suppose 3*a + 10 - 4 = 0. Let q(c) = 17*c**2 - 8*c - 8. Let s be q(-2). Let k = s + a. What are the prime factors of k?
2, 37
Let j be (1*8)/((-7 - 9) + 18). Suppose -3*z + 1793 + 2575 = 3*p, 0 = -j*z + 5*p + 5797. What are the prime factors of z?
1453
Suppose 0 = 3*l + 35*w - 33*w - 11033, 0 = -5*l - 4*w + 18389. List the prime factors of l.
3677
Let v(h) = h**2 - 2*h + 2. Let a be v(2). Let s(x) = -x**3 - x**2 + 3*x + 1. Let b be s(-4). Suppose -a*z = -z - b. What are the prime factors of z?
37
Suppose p - 15 = 3*u, -2*p - 5*u = 3*p + 25. Suppose -a - 5*s + 223 = p, -4*s = -4*a - 2*s + 936. What are the prime factors of a?
233
Let a = -16962 + 60036. List the prime factors of a.
2, 3, 2393
Let d(y) = 15*y - 4. Let b be d(9). Suppose -b = c - 3*n + 58, -n - 961 = 5*c. What are the prime factors of ((-26)/(-39))/((-2)/c)?
2
Suppose 0 = -5*c + 5 + 345. Let w(q) = 38*q - 3. Let u be w(-1). Let t = c + u. List the prime factors of t.
29
Let w be (5*(36/(-15) + 3))/1. Suppose -499 = -5*u + j + 1616, w*u - 4*j = 1269. List the prime factors of u.
3, 47
Let j(z) = 31608*z - 1189. List the prime factors of j(1).
19, 1601
Suppose -6*y = -4*y + 7*y - 3492. What are the prime factors of y?
2, 97
Let q(y) = -82*y - 41. Let h be q(-11). Let d = h + -494. What are the prime factors of d?
367
Let f be (-1084)/18 - (-26)/117. Let y = 78 + f. Let k = y + -1. What are the prime factors of k?
17
Let g be -2*4/(-16)*70. Let p = 52 - g. Suppose -546 = 10*c - p*c. List the prime factors of c.
2, 3, 13
Let g = 293 - 288. Suppose 4*v + 964 = g*v. List the prime factors of v.
2, 241
Suppose -2*t + 2*c + 7512 = -28250, 2*c = -6. What are the prime factors of t?
2, 7, 1277
Let a = 33125 - 21270. What are the prime factors of a?
5, 2371
Let s(g) = 5*g**3 - 39*g**2 + 38*g + 284. What are the prime factors of s(25)?
2, 3, 29, 79
Let r(k) = -998*k - 2558. What are the prime factors of r(-50)?
2, 23671
Let b(x) = x**3 - x**2 - 11*x - 2. Let k be b(4). Suppose 92 = -3*q + k*p + 540, 586 = 4*q + 3*p. What are the prime factors of q?
2, 37
Let v = -58 + 61. Suppose z - 15 = -5*k + 197, 2*z - 476 = v*k. What are the prime factors of z?
2, 29
Let w(i) = -i**3 + 9*i**2 - 5*i + 30. Let f be w(-8). What are the prime factors of 40/15*f/8?
2, 193
What are the prime factors of (2 - -9) + (-10 - -6375)?
2, 797
Suppose -4852 = -4*w - 4*r, -4*w - 5*r = -0*r - 4854. Let y(q) = q + 6. Let t be y(0). Suppose w = t*v + v. What are the prime factors of v?
173
Suppose 15 = 7*k - 4*k. Suppose -c - k*n + 318 = 0, 6*c + 2*n - 993 = 3*c. What are the prime factors of c?
3, 37
Suppose -6*w - 2728 = -17*w. List the prime factors of 1/8 + 43121/w.
2, 3, 29
Suppose 12 = 8*n - 12. Suppose -5*k + 331 = 2*a - a, n*k = 0. List the prime factors of a.
331
Suppose 3*z = 24 - 6. List the prime factors of (z/7)/((-20)/(-11060)).
2, 3, 79
Suppose -136*p - 2*y = -133*p - 61445, 5*p + y = 102427. List the prime factors of p.
3, 6829
Suppose q = -q + 5*d - 104, 2*q + 2*d = -104. Let x = q - -64. List the prime factors of x.
2, 3
Let c(k) = 368*k**2 + 2*k + 4. Let f be c(-6). Suppose 9*o + 3916 = f. Suppose a = -6*a + o. List the prime factors of a.
2, 37
Suppose -4*d + 9230 = 2*b - 123220, -d = 2*b - 33108. What are the prime factors of d?
2, 3, 5519
Suppose 0 = 5*m + 8 + 2. What are the prime factors of 168/(-18)*(m - 1)?
2, 7
Suppose 0*h + 76 = -3*h - 4*x, 0 = -4*h + 5*x - 91. Let n = h - -27. Suppose 328 = 4*g - 2*s, -n*g - s - 86 = -337. What are the prime factors of g?
83
Suppose 95*b - 